{"id":129,"date":"2015-12-01T08:33:46","date_gmt":"2015-12-01T08:33:46","guid":{"rendered":"http:\/\/research.hip.fi\/hwp\/nucmat\/?page_id=129"},"modified":"2015-12-01T08:33:46","modified_gmt":"2015-12-01T08:33:46","slug":"fair-mini-workshop-jyvaskyla-26-november-2015","status":"publish","type":"page","link":"https:\/\/www.hip.fi\/nuclear-matter-programme\/fair\/fair-mini-workshop-jyvaskyla-26-november-2015\/","title":{"rendered":"FAIR mini-workshop, Jyv\u00e4skyl\u00e4 26 November 2015"},"content":{"rendered":"<p>Presentations of the&nbsp;FAIR mini-workshop, held in Jyv\u00e4skyl\u00e4 on 26 November 2015<\/p>\n<ul>\n<li><a href=\"https:\/\/sway.com\/4FsfvEMDmTYxrTGL\" target=\"_blank\" rel=\"noopener noreferrer\">Tuomas Grahn<\/a><\/li>\n<li><a href=\"https:\/\/www.hip.fi\/nuclear-matter-programme\/wp-content\/uploads\/sites\/9\/2015\/12\/FAIR-mini-workshop-in-Jyv-2015_FG.pdf\">Francisco Gracia<\/a><\/li>\n<li><a href=\"https:\/\/www.hip.fi\/nuclear-matter-programme\/wp-content\/uploads\/sites\/9\/2015\/12\/Djurabekova_FAIR_miniworkshop_Jyvaskyla_2015.pdf\">Flyura Djurabekova<\/a><\/li>\n<li><a href=\"https:\/\/www.hip.fi\/nuclear-matter-programme\/wp-content\/uploads\/sites\/9\/2015\/12\/cs_minifair.pdf\">Cath Scholey<\/a><\/li>\n<li><a href=\"https:\/\/www.hip.fi\/nuclear-matter-programme\/wp-content\/uploads\/sites\/9\/2015\/12\/Gas-catcher-for-Nustar.pdf\">Iain Moore<\/a><\/li>\n<li><a href=\"https:\/\/www.hip.fi\/nuclear-matter-programme\/wp-content\/uploads\/sites\/9\/2015\/12\/Monster_Belen.pdf\">Sami Rinta-Antila<\/a><\/li>\n<li><a href=\"https:\/\/www.hip.fi\/nuclear-matter-programme\/wp-content\/uploads\/sites\/9\/2015\/12\/FAIR_workshop_JYFL_AJ_final.pdf\">Ari Jokinen<\/a><\/li>\n<\/ul>\n","protected":false},"excerpt":{"rendered":"<p>Presentations of the&nbsp;FAIR mini-workshop, held in Jyv\u00e4skyl\u00e4 on 26 November 2015 Tuomas Grahn Francisco Gracia Flyura Djurabekova Cath Scholey Iain Moore Sami Rinta-Antila Ari Jokinen<\/p>\n","protected":false},"author":1,"featured_media":0,"parent":29,"menu_order":0,"comment_status":"closed","ping_status":"closed","template":"","meta":{"footnotes":""},"class_list":["post-129","page","type-page","status-publish","hentry","post"],"_links":{"self":[{"href":"https:\/\/www.hip.fi\/nuclear-matter-programme\/wp-json\/wp\/v2\/pages\/129","targetHints":{"allow":["GET"]}}],"collection":[{"href":"https:\/\/www.hip.fi\/nuclear-matter-programme\/wp-json\/wp\/v2\/pages"}],"about":[{"href":"https:\/\/www.hip.fi\/nuclear-matter-programme\/wp-json\/wp\/v2\/types\/page"}],"author":[{"embeddable":true,"href":"https:\/\/www.hip.fi\/nuclear-matter-programme\/wp-json\/wp\/v2\/users\/1"}],"replies":[{"embeddable":true,"href":"https:\/\/www.hip.fi\/nuclear-matter-programme\/wp-json\/wp\/v2\/comments?post=129"}],"version-history":[{"count":0,"href":"https:\/\/www.hip.fi\/nuclear-matter-programme\/wp-json\/wp\/v2\/pages\/129\/revisions"}],"up":[{"embeddable":true,"href":"https:\/\/www.hip.fi\/nuclear-matter-programme\/wp-json\/wp\/v2\/pages\/29"}],"wp:attachment":[{"href":"https:\/\/www.hip.fi\/nuclear-matter-programme\/wp-json\/wp\/v2\/media?parent=129"}],"curies":[{"name":"wp","href":"https:\/\/api.w.org\/{rel}","templated":true}]}}